4*l = 144. Suppose -2854 = l*t - 15652. What is the units digit of t?
1
Suppose -7*f - 909 = -12361. What is the thousands digit of f?
1
Let p be -2*((-8)/16 - (-1 - -3)). Suppose 0 = p*s + z - 6202, 795 = -2*s - 3*z + 3281. What is the thousands digit of s?
1
Let t(x) = -x**3 - x**2 + 13*x + 38. Let r be t(-11). Suppose -2*q + r + 579 = 0. What is the hundreds digit of q?
8
Let l(s) = s**3 + 182*s + 22341. What is the ten thousands digit of l(0)?
2
Suppose -40*x + 31*x + 18 = 0. Suppose -x*c + 3438 = 4*s, 2*c - 3146 - 289 = -3*s. What is the units digit of c?
3
Let n be 22/4 + 3/(-2). Suppose 960 = -n*h - 4*q, -q + 246 = -h + q. Let x = -111 - h. What is the tens digit of x?
3
Let u = 123 + -98. Let v = 944 + -359. Suppose 5*w - v - u = 0. What is the tens digit of w?
2
Let i = -1217 + 1882. Suppose -13*s = 184 - i. What is the units digit of s?
7
Let h = 12624 + -6156. What is the tens digit of h?
6
Let t(m) = m**3 + 13*m**2 - 14*m + 4. Let d be t(-14). Suppose 0 = 5*o + h - 2456, 0 = d*h - 2 - 2. What is the hundreds digit of o?
4
Suppose 43*n + 83121 - 5385 = 51*n. What is the hundreds digit of n?
7
Suppose -487 = -23*d + 22*d - 4*g, 1010 = 2*d - 4*g. Let m = 608 + d. What is the thousands digit of m?
1
Let q(b) = 2*b**2 - 6*b**2 - 4*b - 12 + 7*b**2 - 2*b**2. Let i be q(6). What is the hundreds digit of 7*(23 + i/(6/(-3)))?
1
Let b = -6816 + 11552. What is the tens digit of b?
3
Let f(w) = 49*w**2 - 37*w + 341. What is the hundreds digit of f(14)?
4
Let r be ((-4)/(-10))/(-4 + (-82)/(-20)). Suppose 0 = -c - 3*c + 16. Suppose r*k = 5*b - 0*k - 175, -c*k - 19 = -b. What is the units digit of b?
9
Let u be 25/(-9) - 3/(27/2). Let s(v) = 2*v + 12. Let l be s(u). What is the tens digit of ((-3)/(l/44))/((-5)/15)?
6
What is the thousands digit of (-8737056)/(-1863) + 22/18 + -1 - -8?
4
Suppose 0 = v + 2*d - 51011, -3*v + 348*d + 153028 = 349*d. What is the thousands digit of v?
1
Let m = 257 - 142. Let c = 179 - m. What is the tens digit of c?
6
Let q = -4 + 5. Let d be 2*((-5)/10)/(q/(-151)). Let l = d - 72. What is the tens digit of l?
7
Let b = 12288 + 33376. What is the thousands digit of b?
5
Let f(j) = 10718*j + 92. What is the tens digit of f(1)?
1
Suppose 24*z + 106330 = 73*z. What is the thousands digit of z?
2
Let y(r) = r**2 - 5*r - 109. Suppose 0 = -5*n - 45 - 40. What is the tens digit of y(n)?
6
Let q be -2 + (6/39 - 567/(-117)). Suppose 379 = q*g - 20. What is the tens digit of g?
3
Let f = -47 + 87. Suppose z + 2*j - f = -3*j, -2*j = z - 34. Suppose -2*b - 4*y = -52, 5*y = -b + 2*y + z. What is the units digit of b?
8
Let y be (-3 - -5) + -6 + 6. Let l be 2/(-4) + 266/4. Suppose y*o + l = 3*o. What is the units digit of o?
6
Let c be -295 + ((-12)/(-8))/((-9)/(-30)). Let p = c + 310. What is the units digit of p?
0
Let c(n) = -219*n + 51. Let v(z) = -221*z + 50. Let t(h) = -4*c(h) + 3*v(h). What is the hundreds digit of t(4)?
7
Let m = 103 + 60. Let p = 447 - m. Let k = p + -154. What is the units digit of k?
0
Let h be 0*1*(-1)/1. Let m(v) = -114*v - 84. Let k be m(-4). Suppose h = 7*z - 3*z - k. What is the tens digit of z?
9
Let b(k) = 14*k**2 + 27*k - 18. Let n(u) = -7*u**2 - 13*u + 10. Let i(r) = -6*b(r) - 13*n(r). What is the hundreds digit of i(-8)?
3
Let m = 2238 - 5359. Let p = -2109 - m. What is the thousands digit of p?
1
Suppose 2*c - 8 = -0. Suppose -3 = -c*u + 5. Suppose -20 = -u*q - 0*q. What is the tens digit of q?
1
Suppose -5*b + 7900 = -3*b. Suppose 5*j - b = -0*j. What is the units digit of (1 + 0)/(10/j)?
9
What is the tens digit of ((-42)/56)/(18/(-165972))*6?
9
Suppose 11*n - 1246 = -509. Suppose n*f - 8294 = 54*f. What is the hundreds digit of f?
6
Let k be (-4)/(-14) - (5 - (-2552730)/(-105)). Suppose -12*l + k = 5455. What is the hundreds digit of l?
5
Suppose 489 = -24*h - 375. Let i = 1125 - h. What is the units digit of i?
1
Let r(a) = -1460*a**3 + 97*a**2 - 3*a - 6. What is the tens digit of r(-3)?
9
Suppose 12 + 4 = -l. Let z be 44/(-66)*-78*10/(-4). Let h = l - z. What is the units digit of h?
4
Suppose 3*h - 39*o + 35*o - 95 = 0, -5*o + 38 = h. Suppose 0 = -24*z + h*z - 1899. What is the hundreds digit of z?
2
What is the hundreds digit of -5 - (18406/(-13) + -1*4/26)?
4
Let l(y) = 311*y**3 + y**2 - 108*y + 659. What is the hundreds digit of l(6)?
2
Let s = 61991 + -32026. What is the tens digit of s?
6
Suppose -h + 3*h - 15843 = -5*d, d - 2*h = 3159. What is the thousands digit of d?
3
Let s(j) = -137*j + 24. Let r(u) = 141*u - 23. Let i(p) = 5*r(p) + 4*s(p). What is the tens digit of i(5)?
6
Let a(r) = -r**3 + 22*r**2 + 27*r - 48. Let w be a(20). Suppose 4516 - w = 4*y. What is the tens digit of y?
0
Let b be (4 - 1) + 3/(-12)*-4. Suppose -5*i - 1616 = -3*r, 3*r = 5*r - b. Let h = i - -512. What is the tens digit of h?
9
Let o = 18248 - 4496. What is the hundreds digit of o?
7
Let i = -8200 + 8594. What is the tens digit of i?
9
Suppose -1404*l + 4*q = -1405*l + 55616, 2*l - 4*q - 111244 = 0. What is the hundreds digit of l?
6
Let a = 8737 + 7331. What is the thousands digit of a?
6
Suppose 0 = -5*i - p + 31, 5*i + 0*p + 4*p - 19 = 0. Let m(d) = i + 2 + d - 3 + 9. What is the units digit of m(12)?
7
Let m(r) = 2*r - 10. Let q be m(7). Suppose 0 = -3*n - q + 13. Suppose -5*v - n*i + 300 = 0, -7*v + 2*v = -2*i - 325. What is the units digit of v?
3
Suppose 0 = 3*i + 5*j - 15805, 13*i - 18*i + 5*j + 26275 = 0. Suppose -8*g = -3*g - 2*p - 8760, 3*g - i = 2*p. What is the thousands digit of g?
1
What is the units digit of (-286)/2145 - 46862/(-15)?
4
Let a = -42 - -44. Suppose a = -2*i + 4*i. What is the units digit of 0 + (-1 - i) - -23*3?
7
What is the thousands digit of (17/34)/((-7)/(-327292))?
3
What is the hundreds digit of 65/(-78) + (-36731)/(-6) + 3?
1
Let w = 24365 + -21688. What is the units digit of w?
7
Suppose 4*c + 10012 = b + 2298, 0 = -2*b + 4*c + 15424. What is the tens digit of b?
1
Let g(m) = -m**2 - 42*m - 117. Let r be g(-43). Let u = 746 + r. What is the tens digit of u?
8
Let p = -16757 + 27176. What is the tens digit of p?
1
Let z(c) = -16 + 2 + 7 + 88*c. What is the tens digit of z(1)?
8
Let w = 95 - 14. Suppose 11*c - 17*c = -990. Suppose 3*t - c - w = 0. What is the units digit of t?
2
Let s(z) = 5*z - 15. Let a be s(3). Let t be (-1035)/(-23) + -3 + a. Suppose -307 = -4*o - 2*y - 121, o + 2*y = t. What is the tens digit of o?
4
Let q(y) = 6*y**3 - 2*y**2 - 43*y + 136. What is the hundreds digit of q(6)?
1
Suppose -2*m + 972 = 16*m. Suppose 39*k - m*k + 13770 = 0. What is the hundreds digit of k?
9
Let l = -16839 + 25620. What is the units digit of l?
1
Let l be (-2)/(-3)*-27*(-1530)/27. What is the hundreds digit of -39 + l - (0 - -6)?
9
Suppose -2759778 - 1039163 = -250*w + 6739559. What is the thousands digit of w?
2
Let g = -5157 + 9707. What is the units digit of g?
0
Suppose 4*p + 597730 = -17*p + 35*p. What is the ten thousands digit of p?
4
Suppose -4*k = -60*b + 57*b - 27757, 5*k + 2*b - 34679 = 0. What is the tens digit of k?
3
Suppose 33*c - 62185 - 138950 = 0. What is the hundreds digit of c?
0
Let i(n) = n**3 + 10*n**2 + 6*n - 25. Let r be i(-9). What is the units digit of 1*(0 - r) + 374 + -34?
8
What is the hundreds digit of (4/(-58) - 2150/(-58))*(1 - -930)?
4
Suppose -235 = -51*c + 4*c. Suppose -2*i = -c*i - 4*q + 373, -3*i + q + 383 = 0. What is the tens digit of i?
2
Let p(s) = -s - 6. Let c be p(-10). Suppose 0 = -4*y + 4*j + 420, c*y - 4*j = -9*j + 375. Let l = y + -35. What is the units digit of l?
5
Suppose -243600 = -76*y + 26*y. Suppose 0 = -3343*r + 3349*r - y. What is the tens digit of r?
1
Let u(l) be the third derivative of -l**5/60 + 5*l**4/24 + 2*l**3 + 24*l**2. Let x be u(6). What is the hundreds digit of 4*(-2)/6*(x + -99)?
1
Let o = 214 + -244. What is the units digit of ((-1672)/(-6))/((-20)/o)?
8
Suppose -34*p + 663112 = -0*p - 41708. What is the hundreds digit of p?
7
Let y(u) = 3*u - 5. Let s be y(4). Suppose s*a - 3737 = -1259. What is the tens digit of a?
5
What is the units digit of 1 + (-5 - 2) + 14 - -4109?
7
Let v = 17 + -6. Let p(r) = -r + 5. Let x be p(v). What is the units digit of (-26)/x - (-8)/12?
5
Let g = -25183 + 55963. What is the ten thousands digit of g?
3
Let z(k) = 2006*k + 544. What is the ten thousands digit 